u**2. Give v(x).
-1
Let d(k) = k**3 - 7*k**2 + 4*k. Let l = -79 + 85. Determine d(l).
-12
Let b(x) = -7*x**2 - 4*x - 7*x**3 + 6*x**3 + x**2 - 2 + 1. What is b(-3)?
-16
Let b(i) = -3*i**3 - 2*i**3 + i**3 + 2 - 2*i**2 - 1. Give b(1).
-5
Let q(t) = t**3 + 5*t**2 + t + 6. Suppose 30 = -5*x - x. What is q(x)?
1
Let s(x) = -10*x**3 - x**2 + x + 1. Let c(o) = -7 + 8*o**2 + 0 - o - 7 + o**3 + 5. Let b be c(-8). Determine s(b).
9
Let x(u) = 24*u**2 - 8*u - 3. Let d(s) = 16*s**2 - 5*s - 2. Let f(j) = -8*d(j) + 5*x(j). Give f(-1).
-7
Let g = -2 + 3. Let r(t) = 15*t**2 - 4. Let x(b) = -b**2 + 1 - 6*b**2 + 2*b**2. Let c(j) = 2*r(j) + 7*x(j). Determine c(g).
-6
Let r(t) be the second derivative of -t**8/6720 + t**7/504 + t**5/60 - t**4/6 + t. Let s(k) be the third derivative of r(k). Give s(5).
2
Suppose -2*o - 2*v = -3*v - 16, 3*v - 12 = 0. Suppose r - 8 + 3 = 3*a, -2*r + o = -a. Let k(s) = s - 2. What is k(r)?
3
Let z(j) = -j**3 + 4*j**2 + 2*j - 2. Suppose 0*m - 12 = -2*h + 2*m, 2*m + 8 = h. What is z(h)?
6
Let f(b) = -3*b - 1. Let o(t) = t + 1. Let l be o(-1). Suppose l = m + 3*m - 28. Let p = m + -5. What is f(p)?
-7
Let s(u) = -2*u + 2 + 3*u - 4. Let f(l) = l**2 - 17*l + 56. Let j be f(13). Determine s(j).
2
Let q(j) = j**2 - 8*j + 9. Let y(d) = -7*d**3 + 6*d**2 + 9*d. Let p(c) = -3*c**3 + 3*c**2 + 4*c. Let k(w) = 5*p(w) - 2*y(w). Let u be k(3). Determine q(u).
-3
Let r(p) = p**2 + 5*p. Suppose h + 2*d - 3*d = -2, 5*h = d - 22. Determine r(h).
0
Let o be -6*(0/1 - 1). Let a(i) = i**3 - 7*i**2 + 5*i - 7. Give a(o).
-13
Let t(p) = p + 16. Let s = 22 + -34. What is t(s)?
4
Let c(j) = 4*j**2 + 4*j. Let g(b) = 7*b**2 + 8*b + 1. Let k(p) = 5*c(p) - 3*g(p). Determine k(-5).
-8
Let c be -2 - 3/((-18)/14). Let q(x) be the first derivative of -2 - 4*x - c*x**3 - 2*x**2. What is q(-5)?
-9
Let r be (-141)/(-235) + (-1)/(5/3). Let j(c) be the second derivative of 1/3*c**4 - 1/2*c**2 - c - 1/6*c**3 + 1/20*c**5 + r. Determine j(-4).
3
Let n = 10 + -13. Let o(b) = -b - 3. Calculate o(n).
0
Let s(j) = 0 + 0 + j. Suppose -o + 10 = o. Suppose -4*b + 4 = -4*w, o*b = -3*w - 21 + 2. Give s(b).
-2
Let u(c) = 2*c. Let y(l) = -6*l - 15. Let d be y(-6). Let t = d - 19. Determine u(t).
4
Let d(b) = -3*b - 3. Let l(i) = 5*i + 4. Let k(t) = 8*d(t) + 5*l(t). Calculate k(0).
-4
Let t(b) = -2*b - 9*b + 5*b - 4*b. Determine t(3).
-30
Let z(k) = -k**3 + 4*k**2 + 2*k + 1. Suppose 24 = q - 4*o, -4*q + 2*o = -2*o - 96. Suppose 0*l = 6*l - q. Determine z(l).
9
Let z(b) = b**2 - b. Let s(k) = -k**3 + 4*k**2 - 4*k + 9. Let j(l) = -s(l) - 4*z(l). Calculate j(7).
-2
Let i be (1/3)/((-3)/(-27)). Suppose i*v - 10 - 2 = 0. Let c(p) = p + 3. Determine c(v).
7
Let u(q) = q - 2. Let w be u(4). Let x(n) = -3*n + 0*n + w + 4*n. Suppose -a - g = -1, -8*g + 12*g + 26 = a. Calculate x(a).
8
Let f(g) = -g**3 - 7*g + 5. Let i(b) = -b + 1. Let o(m) = f(m) - 6*i(m). What is o(-2)?
9
Let n(z) be the third derivative of z**4/12 - 3*z**3/2 + 10*z**2. Determine n(6).
3
Let o(k) be the second derivative of -k**4/12 + k**3/6 + k**2 - 16*k. What is o(3)?
-4
Let g(h) = -2*h**2 - h + 3. Let j(l) = -l**2 - l + 1. Let o(d) = -6*g(d) + 11*j(d). Calculate o(6).
-1
Let v(j) = -7*j + 1. Let b(d) = 8*d - 2. Let c(h) = -5*b(h) - 6*v(h). Determine c(-3).
-2
Let w(l) = 20*l**3 - 4*l**2 - 10. Let a(r) = -r**3 + r - 1. Let i(u) = -10*u**3 + u**2 + 3*u. Let t(g) = 3*a(g) - i(g). Let p(o) = 7*t(o) - 2*w(o). Give p(1).
9
Let j(n) be the second derivative of 1/12*n**4 + 0*n**2 + 0*n**3 - 1/720*n**6 - 1/40*n**5 + 0 - 2*n. Let a(y) be the third derivative of j(y). Calculate a(3).
-6
Let k(j) = 13*j**2 - 11*j**2 - 4 + 5. Calculate k(1).
3
Let y = -10 - -13. Suppose -a + y - 2 = 0. Let u(k) = -3*k**3 + 1. Give u(a).
-2
Suppose -2*r = -g + 5*g + 38, -4*g + 53 = -5*r. Let a = r - -10. Let p(d) = 2*d**2 + 3*d - 2. Determine p(a).
7
Let c(p) be the third derivative of p**6/120 + p**5/40 - p**4/12 + 3*p**2. Let w(k) be the second derivative of c(k). Determine w(-2).
-9
Let n(z) = z**3 + 8*z**2 - 11*z - 13. Let t be 2*3/6 - 10. Give n(t).
5
Suppose -2*y = 8, 0*t - 4*y = -4*t + 20. Let n(k) = 4*k**3 + 2*k**2 - k. Calculate n(t).
5
Let z be -2 - 2*-2 - 0. Let w(p) = p**2 - 2 - z*p + 2*p. Let a(j) = j**3 - 4*j**2 + 5*j - 4. Let m be a(3). Calculate w(m).
2
Let f(z) = z + 5. Suppose -2 = -2*i + 6. Suppose -11*t + i = -12*t. Determine f(t).
1
Let s = 0 + 6. Suppose -s = -3*f - 3. Let q(r) = -r. What is q(f)?
-1
Let n be (-3 - (-4 + 2)) + 4. Let k(x) = -x**3 + x. Let h(w) = 4*w**3 + 2*w**2 - 2*w + 3. Let r(u) = -h(u) - 5*k(u). Calculate r(n).
-3
Suppose -3*x - 2 = 4*h, -2*h = 2*x - 0*h. Suppose -m = -x*m - 6. Let o(g) = -g - 5. Calculate o(m).
1
Suppose -5*j - 10 = -0. Let m(a) = 32*a + 40. Let s(c) = 8*c + 10. Let d(z) = -2*m(z) + 9*s(z). Let p(h) = -h - 1. Let q(n) = d(n) + 12*p(n). Give q(j).
6
Suppose 3*v - 20 = -v. Suppose 2*z = z + v. Let i(p) = p - 2. Determine i(z).
3
Let i(b) = b**3 - 5*b**2 - 4*b - 4. Let g(d) = d**2 + d + 1. Let y(a) = -5*g(a) - i(a). Give y(0).
-1
Let q(x) = 1. Let z(j) = j - 2. Let d(l) = -5*q(l) - z(l). Give d(-5).
2
Let y = -1 + -2. Let o(a) = 1. Let x(d) = -3*d - 1. Let p(z) = 3*o(z) - x(z). Determine p(y).
-5
Let q(l) = -l - 5. Let m be q(0). Let u(t) = t**2 + 3*t + 2. Calculate u(m).
12
Let z(w) be the third derivative of -w**6/120 - w**5/60 - w**4/24 - 4*w**2. Calculate z(-1).
1
Let w(i) = -5*i**3 - i**2 + 1. Suppose -5*a + h - 4*h + 14 = 0, 4 = -2*a + 2*h. Give w(a).
-5
Let s(z) = -z**3 + 15*z**2 + 16*z + 4. Let i be s(16). Let r(t) = t**3 - 3*t**2 - 5*t + 5. Determine r(i).
1
Let b(o) = 2*o**2 + 13*o + 5. Let c be 2*(-1 + 2) - -3. Suppose -2*f + 1 = -15. Let n(t) = -3*t**2 - 20*t - 8. Let r(x) = c*n(x) + f*b(x). Give r(-5).
5
Suppose s - 2 = 2*s. Let r be -6 - (-3 - s - 0). Let b(w) be the third derivative of -w**4/12 - w**3 + 2*w**2. Calculate b(r).
4
Suppose 133*p - 136*p = 9. Let k(w) = w**2 - w - 3. Calculate k(p).
9
Let i(r) = -5*r**3 - 10*r**2 + 11*r + 2. Let h(c) = -5*c + 2*c**3 + 0 - 1 + 5*c**2 + 0*c**3. Let o = 20 + -13. Let k(p) = o*h(p) + 3*i(p). Calculate k(4).
7
Let u(g) be the third derivative of 1/120*g**6 + 1/60*g**5 + 1/6*g**3 - 1/12*g**4 + 0*g - g**2 + 0. Calculate u(1).
1
Let w(q) = q**3 + 4*q**2 + q - 1. Let p = 47 + 33. Let k be p/14 + (-4)/(-14). Suppose -5*g - k = -3*g. Calculate w(g).
5
Let a(c) = -4*c - 3. Suppose -2*h - 3 = -h. Let i be (h/(-4))/((-4)/16). Determine a(i).
9
Let n(d) = -5*d**2 + 14*d + 6. Let z(j) = 14*j**2 - 41*j - 18. Let t(y) = 17*n(y) + 6*z(y). Let a = -13 - -18. Suppose -a = f - 1. Calculate t(f).
10
Let w(t) = -3*t**3 - 4*t**2 - 514*t - 3*t**3 + 5*t**3 + 522*t + 3. What is w(-6)?
27
Let y be ((-6)/(-4))/((-39)/(-52)). Suppose -k + 3*k = -y. Let p(z) = 1 + 3*z + 0*z + 2*z. Determine p(k).
-4
Let x(b) = -b**2 + 6*b + 2. Let z(i) = i**3 - 14*i**2 + 6. Let r be z(14). Give x(r).
2
Let z(i) = 5*i**2 + i - 3. Let k(c) = 6*c**2 - 3. Let r(y) = 4*k(y) - 5*z(y). Let n(u) = 9*u**2 - 1. Let f be n(-1). Let j = f - 13. Determine r(j).
3
Let n(p) = 7*p**2 - 8*p**2 + 0*p**2 - 6*p + 10. Determine n(-7).
3
Let c(p) = -p + 7. Suppose y - 6*y + 50 = 0. What is c(y)?
-3
Suppose s + 8 = 7. Let k(w) = 3*w**2 - 1. Give k(s).
2
Suppose h - 5*h + 8 = 0. Let d(b) = -b**3 - 3*b**2 + 7*b**h - 6 - 2*b + 5*b - b. Suppose m + 3*w = -2, -3*m + 0*m + 22 = -5*w. Determine d(m).
2
Let q(r) be the first derivative of r**4/4 - 2*r**3 + 3*r**2/2 + 7*r + 11. Determine q(5).
-3
Let f(k) = -9*k - 1. Suppose -4*n + 6 - 2 = 0. Give f(n).
-10
Let i(n) = n**3 - 5*n**2 - 6*n + 4. Let b be (48/40)/(2/10). Give i(b).
4
Let y(z) be the third derivative of z**6/120 + z**5/20 - z**4/8 - z**3/6 + z**2 - 7*z. What is y(-3)?
8
Let h(b) = -b - b**2 - b**2 + b**2. Let x = -12 - -18. Let f = -5 + x. Determine h(f).
-2
Let z(h) = -h**3 + 4*h**2 - 2. Let t(g) = g - 5. Let d be t(6). Let u = d + 5. Let b = u - 2. Give z(b).
-2
Let l(y) = 18*y**3 + 10. Let g(h) = 12*h**3 + 7. Let n(r) = -7*g(r) + 5*l(r). What is n(-1)?
-5
Let u = -182 - -179. Let k(d) = d**2 + 5*d - 4. Determine k(u).
-10
Let c(n) = 8*n + 5 + 9*n - 14*n - n**2. Calculate c(4).
1
Let v(i) = i**3 - i**2 - 2. Let s be v(2). Let g(x) = 3*x**s - 2 - 2*x**2 + 1. Let b be g(-1). Let m(h) = -h**3 - h**2 - h - 4. Determine m(b).
-4
Let j(y) = -y**3 - 5*y**2 + 